 Let m(d) = -2*l(d) + 7*y(d). Let o = 1 + -1. Give m(o).
-6
Let q(u) = -u. Let w = -11 + 4. Let z = 9 + w. Give q(z).
-2
Let u be (-7)/((-35)/15) + 6/(-1). Let j(o) = 3 + 1 + 0 + 2*o. Determine j(u).
-2
Let u(s) = 2 - 29*s**3 + 56*s**3 - 26*s**3 - 3*s**2. Calculate u(3).
2
Suppose -5*u - 2 - 18 = 0. Let r(p) = -p**2 - 2*p - 3. Calculate r(u).
-11
Let p(w) = w**2 + w + 1. Let h(i) = 8*i**3 + 5*i**2 + 6*i + 5. Let m be (0 + 0 + -1)*-1. Let u(t) = m*h(t) - 4*p(t). What is u(-1)?
-8
Suppose -3*l - l = 28. Let h(c) = -5*c**3 + 7*c**2 + 13*c - 4. Let n(w) = -6*w**3 + 7*w**2 + 14*w - 5. Let a(z) = l*h(z) + 6*n(z). Give a(-6).
4
Let t(a) = 3*a**2 - 3*a - 6. Let o(h) = -h**2 + 1. Let r(d) = -5*o(d) - t(d). Let l = -51 - -49. Calculate r(l).
3
Let b(c) = -2*c**2 + 1. Suppose -2 = 8*k - 26. Calculate b(k).
-17
Let i(l) be the second derivative of -1/20*l**5 - 1/6*l**4 - 3/2*l**2 + 0 - 8*l - 2/3*l**3. Calculate i(-2).
5
Let s(x) = -x**2 - 5*x + 8. Let w be s(-6). Suppose -w*t = 2*t - 4. Let r(v) = -3 - 1 + t - v. Determine r(-5).
2
Let l(t) = t**3 - 3*t**2 - 3*t - 7. Let j be l(4). Let i(o) = -o**2 - o. Determine i(j).
-6
Let x(a) = -4*a - 3. Let z be x(-2). Let y be z*(-3)/(-9)*3. Let m(p) = -1 + p - 5 - 2. Determine m(y).
-3
Let q(h) be the first derivative of 1/4*h**4 - 3*h - 5/3*h**3 - 1 - 5/2*h**2. Determine q(6).
3
Suppose z + 8*t - 4*t = 5, 5*z - 5*t = 0. Let m(b) = 21*b**3 - 2*b**2 + b. Give m(z).
20
Let c(i) = i**2 + 6*i - 1 + 2 + 0*i**2. Let t(l) = -l + 3. Let o be t(4). Let u be (o + -4)*(0 + 1). What is c(u)?
-4
Let s(o) = o**3 - 2*o**2 - 2*o + 1. Let l be s(3). Let x(g) be the second derivative of -1/2*g**2 - 6*g + 0 - 5/6*g**3 + 5/12*g**4 - 1/20*g**5. What is x(l)?
-5
Let x(v) = -2*v - 1. Suppose -16 = 2*d - 0*d. Determine x(d).
15
Suppose -4*q - 10 = -2*q. Let t(z) = 2*z**2 + 8*z + 3. What is t(q)?
13
Let p(x) = -7*x + 5. Let u(r) = -6*r + 4. Suppose s = 2*g - 6*g - 11, 4*g + 6 = -2*s. Let h(j) = s*p(j) - 6*u(j). Determine h(3).
4
Suppose -1 = -3*a + 8. Let l(i) = -6*i + 4*i + 3*i - 2 + 5*i. What is l(a)?
16
Let p(b) = -b**2 + 7*b - 4. Let x be p(5). Let k(w) = w**3 - 5*w**2 - 6*w - 3. Let i be k(x). Let a(d) = -3*d - 3. Give a(i).
6
Let t(d) = d**2 + 8*d + 7. Let m be 1 + 6 + (0 - 0). Suppose -2*f + 11 = -c, -3*c - m*f = -2*f. Calculate t(c).
-8
Let z(j) = 6*j + 3*j**2 + 2*j**2 - j**3 - 10*j**2 + 5. Determine z(-6).
5
Let r(t) = -130*t + 1 + 5*t**2 - 5 + t**3 + 133*t. Calculate r(-3).
5
Let m = -4 + 36. Suppose 5*t = t + 3*w + m, -2*t + 26 = -4*w. Suppose -4*a + 3*a = 4*v, -3*a + t*v + 17 = 0. Let k(y) = -2*y + 5. Calculate k(a).
-3
Let a(z) = z. Let i(j) = -j**2 - 4*j - 2. Let p(u) = a(u) - i(u). Suppose -3*q - 16 = -7*q. Suppose 3*c = -q*x - 29, c - 7 = -0*c + 2*x. Calculate p(c).
-4
Let u = 17 + -11. Let v be 8*(u/4 + -2). Let t(f) = f + 7. Determine t(v).
3
Let b(l) = -l**3 - 5*l**2 - 2*l - 5. Suppose 0 = -0*k - 4*k - 76. Let h = -24 - k. Calculate b(h).
5
Let f(n) be the first derivative of 7*n + 3/2*n**2 + 9. What is f(-5)?
-8
Let y(l) = -3*l**2 + 1 + 8*l**2 + l**3 + 3. Let q(o) = -o**3 + o**2 - o + 1. Let i be q(0). Let p be i/1*1*-5. Calculate y(p).
4
Let l(r) = -4*r + 1 - 2*r + 5*r. What is l(-2)?
3
Let y(w) be the third derivative of -w**4/24 - 7*w**3/6 + 29*w**2. Calculate y(-5).
-2
Let p(x) = x**2 + 0*x - 2*x + 1 - 2. Suppose a = -0 - 2, c - 5*a - 10 = 0. Suppose 0 = -2*b - c*b - 4. What is p(b)?
7
Let l(d) be the second derivative of d**3/6 + 5*d**2/2 + d. Let m be (-7 + 5)*(0 - (-2 - 1)). Determine l(m).
-1
Let w be (12/(-16))/(9/(-6)). Let x(b) be the third derivative of 2*b**2 - w*b**3 + 0*b + 0 + 1/12*b**4. Give x(-3).
-9
Let s be (2/(-3))/((-6)/36). Let y(x) = -x**2 + 4*x - 3. What is y(s)?
-3
Let p(u) = 2*u**2 - 7*u - 2. Let t(j) = -j**2 + j + 1. Let w(k) = -p(k) - 4*t(k). Determine w(-3).
7
Let t be ((-8)/10)/(6/(-15)). Let x(b) = -7*b + 8*b + t + 4. What is x(0)?
6
Suppose 5*u - 9 = -3*h - 34, -4 = -3*u + 2*h. Let s(v) = 6*v**2 + 2*v - 2. Calculate s(u).
18
Let o(j) be the second derivative of j**5/10 - j**3/2 + j**2/2 - 3*j. Let k(c) = -c**3 - 10*c**2 - 8*c + 11. Let h be k(-9). Give o(h).
11
Suppose 3 + 1 = 2*x + 2*d, 2*d - 6 = -3*x. Let g(y) = -x*y + 9 - 5 - 6. Calculate g(-4).
6
Let w(z) = -z + 3. Let p = -11 - -31. Let i be 8/p - 28/(-5). Give w(i).
-3
Let d(r) = -r - 8. Let m(f) = f + 9. Let k(g) = 6*d(g) + 7*m(g). Calculate k(-7).
8
Let v(n) = -n**2 - 7*n - 1. Let w be v(-6). Suppose -3*d + w*t + 31 = 0, 2*t - 3*t = 4*d - 3. Let b(p) = -2*p - p**2 + 0*p**d + 1 + 0*p. Calculate b(1).
-2
Let f(q) = q**3 + 3*q**2 - 5*q - 2. Suppose 5*c - 6 = 2*c. Let t be ((-1)/3)/(c/(-18)). Let p be -4*(t + (-2 - 0)). Determine f(p).
2
Let x(w) = -9 + 2*w + 6 - 3. Determine x(-6).
-18
Let h(a) = -4*a - 1. Let b be 11 - (3 - 9/3). Suppose 3*c + 4*x = -b, -2*c - 11 + 2 = x. Let s(o) = -3*o. Let q(k) = c*s(k) + 4*h(k). Calculate q(-4).
0
Let m = -13 - -12. Let v(a) = 2*a**2 - 2*a**3 - a + 5*a**3 + 2*a. Calculate v(m).
-2
Let a(x) = x**2 - 2*x - 1. Suppose -2*k = -5*w, 0*w + 9 = -2*w - k. Give a(w).
7
Let n(q) = 5*q**2 - 13*q - 9. Let m(j) = j**2 - 3*j - 2. Let c(d) = 9*m(d) - 2*n(d). Determine c(0).
0
Let g be (-50)/(-80) + 6/16. Let p(t) = t**3 - t**2 + t - 1. Let q(r) = 11*r**3 - 5*r**2 + 4*r - 5. Let m(u) = 6*p(u) - q(u). What is m(g)?
-5
Let p(b) = b**3 + 3*b**2 - 6*b - 6. Suppose -10*l + 7*l - 12 = 0. Give p(l).
2
Let k = -12 + 13. Let g(f) = f**3 - f - 1. Let v(o) = -7*o**3 - 4*o - 1. Let i(p) = -2*g(p) + v(p). Determine i(k).
-10
Let a(h) be the third derivative of h**7/2520 - h**6/144 + h**5/20 - h**4/3 - 9*h**2. Let i(c) be the second derivative of a(c). What is i(5)?
6
Let r(n) = -n - 1 - 5*n - n**2 + 11*n. Give r(4).
3
Let n = 2 - 4. Let h(x) = -x**2. Let i(v) = 5*v**2 + 2*v + 2. Let a(o) = -3*h(o) - i(o). Give a(n).
-6
Let v = 0 - -4. Let p(x) = 2*x**2 - 11 + v - x**2 + 0*x**2. Determine p(0).
-7
Let n(s) = -s - 1. Let c(g) = g - 1. Let b = 7 - 5. Suppose -b*h = -5*h - 3. Let w be c(h). Calculate n(w).
1
Let n = -2 + 7. Let p(t) = -t**2 + 5*t + 3*t - t - 4*t. Determine p(n).
-10
Let z be (18/(-12))/(2/4). Let g(i) = i**2 + 4*i + 2. Let q be g(z). Let n(b) be the second derivative of b**4/2 - b**2/2 + 2*b. What is n(q)?
5
Let v(y) = -y**3 + 3*y**2 + 2. Let p be v(3). Let s(b) be the first derivative of -2*b**2 + 1/3*b**3 - p*b + 2. What is s(5)?
3
Let c(s) = s**2 - 3*s + 4. Suppose 78 = -4*p - 5*w, 4*w = -5*p - 0*w - 93. Let g = p + 20. Give c(g).
4
Let i(m) = -4*m - 2. Let c(w) = -w**3 - w**2 - 2*w + 5. Let j be c(0). What is i(j)?
-22
Let z(w) be the second derivative of w**3/6 - w**2 - 13*w. Calculate z(5).
3
Let r(t) = t**2 + t. Let i(z) = 4*z**2 + 3*z + 3. Let w(f) = i(f) - 5*r(f). Let y be ((-5)/3)/((-3)/(-9)). Give w(y).
-12
Let z(i) = 8 - 6 - 9 - 2*i. Give z(-5).
3
Let b(d) = -d - 3. Suppose 0 = -3*r - 19 + 4. What is b(r)?
2
Suppose 0 = y - 4 + 1. Let m(h) = -3 + 2*h + 3 + h**3 - 1 - 2*h**2 - 3*h**y. Give m(1).
-3
Let v(y) be the second derivative of 0 + 1/12*y**4 + y**2 - 4*y + y**3. Suppose 0 = 2*w + 9 + 1. What is v(w)?
-3
Let n(g) be the third derivative of g**7/2520 - g**6/720 + g**4/12 + 3*g**2. Let c(j) be the second derivative of n(j). What is c(0)?
0
Let q = 6 - 4. Let s be (1*(-5 - 1))/q. Let u(k) = 3*k**3 - k**2 - k. Let p(o) = 2*o**3 - o. Let n(m) = -5*p(m) + 3*u(m). Give n(s).
-6
Let p(v) be the second derivative of v**3/3 + 7*v**2/2 - 16*v. Calculate p(-6).
-5
Let z(g) = 3*g**3. Let o be z(1). Let t(y) = -5 + 4 - o*y**2 + 3*y + 0 - 2*y. Determine t(1).
-3
Let o(u) = -u**3 - 1. Let z(y) = 2*y**3 + 3*y**2 + 5*y - 3. Let c(d) = 3*o(d) + z(d). Determine c(4).
-2
Let s(g) = -7*g**2 - g + 2*g - 1 - 3*g. Calculate s(-1).
-6
Let r(a) = 3*a**3 + 7*a**2 + 7*a + 6. Let m(o) = o**3 + o**2 + o + 1. Let t(l) = 2*m(l) - r(l). Let v(u) = -u**2 + 11*u - 4. Let b be v(11). What is t(b)?
0
Let s(u) = -u**2 - 2*u - 1. Suppose 16*t - 11*t = v - 22, -4*t = 2*v + 12. Give s(t).
-9
Suppose 5*q - 7*d - 10 = -2*d, 25 = -5*d. Let o be 3/(-3) - 3/q. Let s(v) be the third derivative of v**5/60 + v**3/6 - v**2. Determine s(o).
1
Let s = -1 - -6. Let u(f) = 8*f**2 - s*f - 1 + 1 + 4*f. Determine u(-1).
9
Let b(n) = n - 3. Let f = 13 + -9. What is b(f)?
1
Let b(y) = -2*y. Let h be b(-1). Let p(g) = -3*g + 0*g + h*g. Suppose -f 